{"id":15,"date":"2026-03-04T19:49:20","date_gmt":"2026-03-04T19:49:20","guid":{"rendered":"https:\/\/solairestfulgence.com\/?page_id=15"},"modified":"2026-04-08T15:22:26","modified_gmt":"2026-04-08T15:22:26","slug":"15-2","status":"publish","type":"page","link":"https:\/\/solairestfulgence.com\/","title":{"rendered":"Accueil"},"content":{"rendered":"\n<figure class=\"wp-block-image aligncenter size-full is-resized\" style=\"margin-top:var(--wp--preset--spacing--20);margin-bottom:var(--wp--preset--spacing--20)\"><img loading=\"lazy\" decoding=\"async\" width=\"500\" height=\"270\" src=\"https:\/\/solairestfulgence.com\/wp-content\/uploads\/2026\/03\/cropped-Design_sans_titre_-_2026-03-03T115557.791-removebg-preview-removebg-preview.png\" alt=\"\" class=\"wp-image-26\" style=\"width:246px;height:auto\" srcset=\"https:\/\/solairestfulgence.com\/wp-content\/uploads\/2026\/03\/cropped-Design_sans_titre_-_2026-03-03T115557.791-removebg-preview-removebg-preview.png 500w, https:\/\/solairestfulgence.com\/wp-content\/uploads\/2026\/03\/cropped-Design_sans_titre_-_2026-03-03T115557.791-removebg-preview-removebg-preview-300x162.png 300w, https:\/\/solairestfulgence.com\/wp-content\/uploads\/2026\/03\/cropped-Design_sans_titre_-_2026-03-03T115557.791-removebg-preview-removebg-preview-131x71.png 131w\" sizes=\"auto, (max-width: 500px) 100vw, 500px\" \/><\/figure>\n\n\n\n<div class=\"wp-block-cover\"><img loading=\"lazy\" decoding=\"async\" width=\"1024\" height=\"485\" class=\"wp-block-cover__image-background wp-image-17 size-large\" alt=\"\" src=\"https:\/\/solairestfulgence.com\/wp-content\/uploads\/2026\/03\/Capture-decran-2026-03-04-142840-1024x485.png\" data-object-fit=\"cover\" srcset=\"https:\/\/solairestfulgence.com\/wp-content\/uploads\/2026\/03\/Capture-decran-2026-03-04-142840-1024x485.png 1024w, https:\/\/solairestfulgence.com\/wp-content\/uploads\/2026\/03\/Capture-decran-2026-03-04-142840-300x142.png 300w, https:\/\/solairestfulgence.com\/wp-content\/uploads\/2026\/03\/Capture-decran-2026-03-04-142840-768x364.png 768w, https:\/\/solairestfulgence.com\/wp-content\/uploads\/2026\/03\/Capture-decran-2026-03-04-142840.png 1127w\" sizes=\"auto, (max-width: 1024px) 100vw, 1024px\" \/><span aria-hidden=\"true\" class=\"wp-block-cover__background has-ast-global-color-8-background-color has-background-dim-60 has-background-dim\"><\/span><div class=\"wp-block-cover__inner-container is-layout-constrained wp-block-cover-is-layout-constrained\">\n<p class=\"has-text-align-center has-ast-global-color-4-color has-text-color has-link-color has-x-large-font-size wp-elements-163f86a66c3d3123f515320419fdc19a\"><strong>PROJET SOLAIRE ST-FULGENCE<\/strong><\/p>\n<\/div><\/div>\n\n\n\n<div class=\"wp-block-group is-layout-constrained wp-block-group-is-layout-constrained\">\n<p><em>Boivin \u00c9nergies<\/em>&nbsp;est une division du&nbsp;<em>Groupe Alfred Boivin<\/em>, regroupement d\u2019entreprises du Saguenay\u2013Lac-St-Jean \u0153uvrant depuis 1947. D\u00e9di\u00e9e au d\u00e9veloppement, \u00e0 la production et \u00e0 la distribution d\u2019\u00e9nergies,&nbsp;<em>Boivin \u00c9nergies<\/em>&nbsp;mise sur une approche int\u00e9gr\u00e9e ax\u00e9e sur l\u2019innovation et la transition \u00e9nerg\u00e9tique. S\u2019appuyant sur l\u2019expertise reconnue du&nbsp;<em>Groupe Alfred Boivin<\/em>,&nbsp;<em>Boivin \u00c9nergies<\/em>&nbsp;d\u00e9veloppe des solutions \u00e9nerg\u00e9tiques diversifi\u00e9es adapt\u00e9es aux r\u00e9alit\u00e9s et aux besoins de ses partenaires et clients issus de divers secteurs. L\u2019entreprise s\u2019implique notamment dans des projets li\u00e9s aux \u00e9nergies renouvelables, incluant le solaire, l\u2019\u00e9olien, l\u2019hydro\u00e9lectricit\u00e9 ainsi que le d\u00e9veloppement et l\u2019int\u00e9gration de solutions \u00e9nerg\u00e9tiques alternatives visant la r\u00e9duction des \u00e9missions et l\u2019optimisation des ressources.<\/p>\n\n\n\n<p>Depuis 2025,&nbsp;<em>Boivin \u00c9nergies&nbsp;<\/em>agit notamment comme partenaire strat\u00e9gique dans la production, le d\u00e9veloppement et la mise en valeur d\u2019hydrog\u00e8ne vert UHP (ultra haute puret\u00e9). Cette collaboration s\u2019inscrit dans une vision commune visant \u00e0 acc\u00e9l\u00e9rer la d\u00e9carbonation tout en contribuant \u00e0 l\u2019implantation d\u2019infrastructures \u00e9nerg\u00e9tiques innovantes. En misant sur des partenariats industriels solides et sur une approche int\u00e9gr\u00e9e de la production et de la distribution \u00e9nerg\u00e9tique,&nbsp;<em>Boivin \u00c9nergies&nbsp;<\/em>participe activement \u00e0 l\u2019\u00e9mergence d\u2019un \u00e9cosyst\u00e8me \u00e9nerg\u00e9tique durable et comp\u00e9titif.<\/p>\n<\/div>\n\n\n\n<div class=\"wp-block-group has-ast-global-color-7-background-color has-background is-layout-constrained wp-container-core-group-is-layout-0633c792 wp-block-group-is-layout-constrained\" style=\"padding-top:var(--wp--preset--spacing--50);padding-bottom:var(--wp--preset--spacing--50)\">\n<h2 class=\"wp-block-heading\">Faits saillants du projet<\/h2>\n\n\n\n<ul class=\"wp-block-list\">\n<li><strong>Technologie :<\/strong>&nbsp;Solaire photovolta\u00efque<\/li>\n\n\n\n<li><strong>Production :<\/strong>&nbsp;9.9 MW<\/li>\n\n\n\n<li><strong>Statut de d\u00e9veloppement :<\/strong>&nbsp;Pr\u00e9-d\u00e9veloppement<\/li>\n\n\n\n<li><strong>Mise en service commerciale estim\u00e9e :<\/strong>&nbsp;2029<\/li>\n<\/ul>\n<\/div>\n\n\n\n<div class=\"wp-block-group is-layout-constrained wp-block-group-is-layout-constrained\" style=\"padding-top:var(--wp--preset--spacing--50);padding-bottom:var(--wp--preset--spacing--50)\">\n<h2 class=\"wp-block-heading\">\u00c0 propos du projet solaire St-Fulgence<\/h2>\n\n\n\n<p><em>Boivin \u00c9nergies<\/em>&nbsp;porte actuellement un projet de centrale solaire pouvant atteindre une puissance install\u00e9e d\u2019environ 9.9MW, situ\u00e9 sur des terrains \u00e0 vocation industrielle (terrains de l&rsquo;ancienne scierie) appartenant \u00e0 la municipalit\u00e9 de St-Fulgence. Le projet aura une empreinte au sol de 175 000m\u00b2 et comptera environ 20 000 panneaux solaires.<\/p>\n\n\n\n<p>Le projet comprendra notamment:<\/p>\n\n\n\n<ul class=\"wp-block-list\">\n<li>Des panneaux photovolta\u00efques mont\u00e9s sur structures fixes ou \u00e0 suivi solaire ;<\/li>\n\n\n\n<li>Des \u00e9quipements \u00e9lectriques connexes (onduleurs, transformateurs, poste de raccordement) ;<\/li>\n\n\n\n<li>Des chemins d\u2019acc\u00e8s et infrastructures temporaires ou permanentes n\u00e9cessaires \u00e0 la construction et \u00e0 l\u2019exploitation ;<\/li>\n\n\n\n<li>Le raccordement au r\u00e9seau de distribution ou de transport d\u2019<em>Hydro-Qu\u00e9bec<\/em>.<\/li>\n<\/ul>\n\n\n\n<p>Une fois en op\u00e9ration, cette installation photovolta\u00efque permettra de produire une quantit\u00e9 d\u2019\u00e9lectricit\u00e9 suffisante pour r\u00e9pondre aux besoins de 800 \u00e0 1000 r\u00e9sidences sur une base annuelle dans la r\u00e9gion.<\/p>\n\n\n\n<p>Le projet est en cours de d\u00e9veloppement en vue d\u2019un d\u00e9p\u00f4t dans le cadre de l\u2019appel d\u2019offres de 300 MW lanc\u00e9 par&nbsp;<em>Hydro-Qu\u00e9bec&nbsp;<\/em>(A\/O 2025-01), lequel vise \u00e0 int\u00e9grer de nouvelles capacit\u00e9s solaires \u00e0 faible empreinte carbone afin de soutenir la croissance anticip\u00e9e de la demande \u00e9nerg\u00e9tique provinciale.<\/p>\n\n\n\n<h4 class=\"wp-block-heading has-text-align-center\">Zone \u00e0 l&rsquo;\u00e9tude pour le projet solaire St-Fulgence<\/h4>\n\n\n\n<figure class=\"wp-block-image aligncenter size-large\"><img loading=\"lazy\" decoding=\"async\" width=\"1024\" height=\"681\" src=\"https:\/\/solairestfulgence.com\/wp-content\/uploads\/2026\/03\/Solaire-St-Fulgence-1024x681.png\" alt=\"\" class=\"wp-image-19\" srcset=\"https:\/\/solairestfulgence.com\/wp-content\/uploads\/2026\/03\/Solaire-St-Fulgence-1024x681.png 1024w, https:\/\/solairestfulgence.com\/wp-content\/uploads\/2026\/03\/Solaire-St-Fulgence-300x199.png 300w, https:\/\/solairestfulgence.com\/wp-content\/uploads\/2026\/03\/Solaire-St-Fulgence-768x511.png 768w, https:\/\/solairestfulgence.com\/wp-content\/uploads\/2026\/03\/Solaire-St-Fulgence.png 1352w\" sizes=\"auto, (max-width: 1024px) 100vw, 1024px\" \/><\/figure>\n\n\n\n<figure class=\"wp-block-image aligncenter size-large\"><img loading=\"lazy\" decoding=\"async\" width=\"1024\" height=\"684\" src=\"https:\/\/solairestfulgence.com\/wp-content\/uploads\/2026\/03\/Etat-des-lieux-solaire-St-Fulgence-1024x684.png\" alt=\"\" class=\"wp-image-20\" srcset=\"https:\/\/solairestfulgence.com\/wp-content\/uploads\/2026\/03\/Etat-des-lieux-solaire-St-Fulgence-1024x684.png 1024w, https:\/\/solairestfulgence.com\/wp-content\/uploads\/2026\/03\/Etat-des-lieux-solaire-St-Fulgence-300x200.png 300w, https:\/\/solairestfulgence.com\/wp-content\/uploads\/2026\/03\/Etat-des-lieux-solaire-St-Fulgence-768x513.png 768w, https:\/\/solairestfulgence.com\/wp-content\/uploads\/2026\/03\/Etat-des-lieux-solaire-St-Fulgence.png 1372w\" sizes=\"auto, (max-width: 1024px) 100vw, 1024px\" \/><\/figure>\n\n\n\n<hr class=\"wp-block-separator has-alpha-channel-opacity is-style-wide\"\/>\n<\/div>\n\n\n\n<div class=\"wp-block-group has-ast-global-color-7-background-color has-background is-layout-constrained wp-block-group-is-layout-constrained\" style=\"padding-top:var(--wp--preset--spacing--50);padding-bottom:var(--wp--preset--spacing--50)\">\n<h2 class=\"wp-block-heading\">\u00c9ch\u00e9ancier<\/h2>\n\n\n\n<ul class=\"wp-block-list\">\n<li><strong>D\u00e9veloppement :<\/strong>&nbsp;Novembre 2025 \u2013 Mars 2026<\/li>\n\n\n\n<li><strong>Soumission :<\/strong>&nbsp;Mars 2026<\/li>\n\n\n\n<li><strong>R\u00e9sultats :<\/strong>&nbsp;T1 2027<\/li>\n\n\n\n<li><strong>Permis et ing\u00e9nierie :<\/strong>&nbsp;2027 \u2013 2028<\/li>\n\n\n\n<li><strong>Construction :<\/strong>&nbsp;2028-2029<\/li>\n\n\n\n<li><strong>Mise en service :<\/strong>&nbsp;2029<\/li>\n<\/ul>\n<\/div>\n\n\n\n<div class=\"wp-block-group is-layout-constrained wp-block-group-is-layout-constrained\">\n<hr class=\"wp-block-separator has-alpha-channel-opacity is-style-wide\"\/>\n\n\n\n<h2 class=\"wp-block-heading\">\u00c9tat du projet<\/h2>\n\n\n\n<p>Le 31 mars 2026 nous avons d\u00e9pos\u00e9 le projet \u00e0 Hydro-Qu\u00e9bec conform\u00e9ment au processus <strong>A\/O 2025-01 : Appel d\u2019offres pour l\u2019acquisition d&rsquo;un bloc de 300&nbsp;MW d\u2019\u00e9nergie solaire photovolta\u00efque<\/strong><\/p>\n\n\n\n<p>Actuellement nous sommes \u00e0 l\u2019\u00e9tape de l\u2019ouverture des soumissions. Hydro-Qu\u00e9bec effectue un inventaire des soumissionnaires ayant d\u00e9pos\u00e9 une soumission.<br>Hydro\u2011Qu\u00e9bec rendra publique la liste des soumissions dans quelques jours et c\u2019est \u00e0 ce moment que nous saurons si notre projet passera \u00e0 l\u2019\u00e9tape d\u2019analyse par Hydro-Qu\u00e9bec.<\/p>\n\n\n\n<p><em>C<\/em>\u2019est seulement suivant la phase d\u2019analyse, que le r\u00e9sultat des projets retenus sera publi\u00e9 dans le premier trimestre de 2027 par Hydro-Qu\u00e9bec. C\u2019est donc qu\u2019\u00e0 ce moment que nous saurons si notre projet est officiellement retenu.<\/p>\n\n\n\n<hr class=\"wp-block-separator has-alpha-channel-opacity is-style-wide\"\/>\n<\/div>\n\n\n\n<div class=\"wp-block-group is-layout-constrained wp-block-group-is-layout-constrained\">\n<hr class=\"wp-block-separator has-alpha-channel-opacity is-style-wide\"\/>\n\n\n\n<h2 class=\"wp-block-heading\">Retomb\u00e9es du projet<\/h2>\n\n\n\n<h4 class=\"wp-block-heading\"><strong>Retomb\u00e9es \u00e9conomiques et emplois<\/strong><\/h4>\n\n\n\n<ul class=\"wp-block-list\">\n<li>Cr\u00e9ation d\u2019emplois locaux durant la construction;<\/li>\n\n\n\n<li>Cr\u00e9ation d\u2019emplois locaux pour l\u2019entretien du site;<\/li>\n\n\n\n<li>Opportunit\u00e9s d\u2019affaires pour les entrepreneurs et fournisseurs locaux (travaux civils, \u00e9lectricit\u00e9, cl\u00f4tures, v\u00e9g\u00e9tation, etc.);<\/li>\n<\/ul>\n\n\n\n<p>Entre&nbsp;<strong>30 \u00e0 50 emplois<\/strong>&nbsp;directs et indirects cr\u00e9\u00e9s durant la phase de construction.<\/p>\n\n\n\n<hr class=\"wp-block-separator has-alpha-channel-opacity\"\/>\n\n\n\n<h4 class=\"wp-block-heading\"><strong>Impacts sur la communaut\u00e9<\/strong><\/h4>\n\n\n\n<ul class=\"wp-block-list\">\n<li>Contributions annuelles \u00e0 la municipalit\u00e9 de St-Fulgence;<\/li>\n\n\n\n<li>Soutien aux initiatives locales;<\/li>\n\n\n\n<li>Plusieurs centaines de milliers de dollars en retomb\u00e9es \u00e9conomiques sur plus de 20 ans<\/li>\n<\/ul>\n\n\n\n<hr class=\"wp-block-separator has-alpha-channel-opacity\"\/>\n\n\n\n<h4 class=\"wp-block-heading\"><strong>Approvisionnement en \u00e9lectricit\u00e9 propre<\/strong><\/h4>\n\n\n\n<ul class=\"wp-block-list\">\n<li>Raccordement au r\u00e9seau de distribution d\u2019Hydro-Qu\u00e9bec<\/li>\n\n\n\n<li>Jusqu\u2019\u00e0 25 ans de fourniture en \u00e9lectricit\u00e9 \u00e0 faible empreinte carbone.<\/li>\n<\/ul>\n\n\n\n<hr class=\"wp-block-separator has-alpha-channel-opacity\"\/>\n\n\n\n<h4 class=\"wp-block-heading\"><strong>Leadership environnemental<\/strong><\/h4>\n\n\n\n<ul class=\"wp-block-list\">\n<li>Contribution \u00e0 la transition vers un r\u00e9seau \u00e9nerg\u00e9tique propre au Qu\u00e9bec<\/li>\n\n\n\n<li>Int\u00e9gration accrue des \u00e9nergies renouvelables<\/li>\n\n\n\n<li>Soutien \u00e0 la croissance \u00e9conomique et d\u00e9mographique pr\u00e9vue<\/li>\n<\/ul>\n\n\n\n<hr class=\"wp-block-separator has-alpha-channel-opacity is-style-wide\"\/>\n<\/div>\n\n\n\n<div class=\"wp-block-group is-layout-constrained wp-block-group-is-layout-constrained\">\n<h2 class=\"wp-block-heading\">Questions &#8211; R\u00e9ponses<\/h2>\n\n\n\n<details class=\"wp-block-details is-layout-flow wp-block-details-is-layout-flow\"><summary><strong>Pourquoi ce projet de production \u00e9lectrique ?<\/strong><\/summary>\n<p>Le projet s&rsquo;inscrit dans le cadre de l&rsquo;appel d&rsquo;offres&nbsp;<a href=\"https:\/\/protect.checkpoint.com\/v2\/r03\/___https:\/www.hydroquebec.com\/achats-electricite-quebec\/appels-propositions\/2025-01.html___.YzFjOmFsZnJlZGJvaXZpbjE6YzpvOjIyNzAxMjU3MDYxN2YxZWNkNzljMzQ0NmZlNTFhMzIxOjc6MDM5YjplMzE0MTVmZDg1OTVjYmM1MGU1YmI4NWFjOWEwNzNmN2M1YWU3ODRiNTRjNmEyNThlZTliOTJkMDdhZWE2YTRiOmg6RjpG\">A\/O 2025-01 d&rsquo;Hydro-Qu\u00e9bec<\/a>, pour l&rsquo;acquisition d&rsquo;un bloc d&rsquo;\u00e9nergie solaire photovolta\u00efque de 300 m\u00e9gawatts afin de r\u00e9pondre aux besoins en \u00e9lectricit\u00e9 au Qu\u00e9bec.<\/p>\n<\/details>\n\n\n\n<details class=\"wp-block-details is-layout-flow wp-block-details-is-layout-flow\"><summary><strong>Est-ce que l\u2019ensoleillement du Qu\u00e9bec est suffisant et viable?<\/strong><\/summary>\n<p>La r\u00e9ponse courte est&nbsp;: oui.<\/p>\n\n\n\n<p>Les technologies de panneaux photovolta\u00efques ont \u00e9volu\u00e9 tr\u00e8s rapidement dans la derni\u00e8re d\u00e9cennie. Les cellules photovolta\u00efques sont plus efficaces ce qui permet de g\u00e9n\u00e9rer plus d\u2019\u00e9lectricit\u00e9 avec la m\u00eame surface qu\u2019une technologie ant\u00e9rieure.<\/p>\n\n\n\n<p>Les panneaux du projet solaire seront bi-faciaux, c\u2019est-\u00e0-dire qu\u2019ils utilisent la lumi\u00e8re directe du soleil sur le dessus et la r\u00e9flexion de la lumi\u00e8re sur le dessous du panneau pour g\u00e9n\u00e9rer de l\u2019\u00e9lectricit\u00e9.<\/p>\n\n\n\n<p>Les panneaux solaires suivront le soleil dans le ciel \u00e0 l\u2019aide de m\u00e9canismes et de moteurs afin d\u2019avoir l\u2019angle id\u00e9al avec le soleil.<\/p>\n\n\n\n<p>Ces \u00e9l\u00e9ments mis en commun permettent d\u2019offrir de l\u2019\u00e9lectricit\u00e9 photovolta\u00efque comp\u00e9titive \u00e0 Hydro-Qu\u00e9bec<\/p>\n<\/details>\n\n\n\n<details class=\"wp-block-details is-layout-flow wp-block-details-is-layout-flow\"><summary><strong>Est-ce qu\u2019une centrale solaire g\u00e9n\u00e8re du bruit? Est-ce \u00e7a g\u00e9n\u00e8re de la lumi\u00e8re?<\/strong><\/summary>\n<p>La centrale solaire ne g\u00e9n\u00e8re pas de bruit en elle-m\u00eame.<\/p>\n\n\n\n<p>Pendant la phase de construction, la machinerie produira des \u00e9missions sonores qui sont comparables \u00e0 un petit chantier de construction.<\/p>\n\n\n\n<p>La centrale solaire n\u2019\u00e9met pas de lumi\u00e8re. Selon l\u2019orientation des panneaux, le soleil pourrait \u00eatre refl\u00e9t\u00e9 sur ces derniers. L\u2019impact de la r\u00e9flexion du soleil est n\u00e9gligeable<\/p>\n<\/details>\n\n\n\n<details class=\"wp-block-details is-layout-flow wp-block-details-is-layout-flow\"><summary><strong>Est-ce qu\u2019il y aura un processus d&rsquo;\u00e9valuation environnementale ?<\/strong><\/summary>\n<p>Une demande d\u2019autorisation minist\u00e9rielle sera soumise au Minist\u00e8re de l\u2019Environnement, de la Lutte contre les changements climatiques, de la Faune et des Parcs. Cette demande comprendra des \u00e9tudes sur les esp\u00e8ces fauniques et floristiques pr\u00e9sente sur le site des travaux, les \u00e9missions de gaz \u00e0 effet de serre et tout autre \u00e9l\u00e9ment pouvant avoir un impact sur l\u2019environnement.<\/p>\n\n\n\n<p>Les projets \u00e9nerg\u00e9tiques de moins de 10 MW ne sont pas assujetti au R\u00e8glement relatif \u00e0 l\u2019\u00e9valuation et l\u2019examen des impacts sur l\u2019environnement de certains projets<\/p>\n<\/details>\n\n\n\n<details class=\"wp-block-details is-layout-flow wp-block-details-is-layout-flow\"><summary><strong>Est-ce que des milieux hydriques et milieux humides seront touch\u00e9s par le projet?<\/strong><\/summary>\n<p>Le projet a \u00e9t\u00e9 con\u00e7u de fa\u00e7on \u00e0 \u00e9viter les milieux hydriques et milieux humides. Une bande de protection sera respect\u00e9e autour de ces milieux<\/p>\n<\/details>\n\n\n\n<details class=\"wp-block-details is-layout-flow wp-block-details-is-layout-flow\"><summary><strong>Est-ce que le projet Arianne Phosphate entre en conflit avec la centrale solaire&nbsp;?<\/strong><\/summary>\n<p>Non, le projet de panneaux solaires est optimis\u00e9 en partenariat avec Arianne phosphaste pour permettre une cohabitation des deux projets.<\/p>\n<\/details>\n\n\n\n<details class=\"wp-block-details is-layout-flow wp-block-details-is-layout-flow\"><summary><strong>Est-ce que le projet pr\u00e9voit le d\u00e9mant\u00e8lement des installations?<\/strong><\/summary>\n<p>Oui, \u00e0 la fin de la dur\u00e9e de vie du projet, il est pr\u00e9vu d\u00e9manteler les installations et remettre le terrain \u00e0 l\u2019\u00e9tat pr\u00e9-projet. Ne connaissant pas l\u2019avenir, il pourrait \u00eatre possible de prolonger la dur\u00e9e de vie du projet si la demande en \u00e9lectricit\u00e9 photovolta\u00efque est pr\u00e9sente. Autrement, le projet sera d\u00e9mantel\u00e9.<\/p>\n<\/details>\n\n\n\n<hr class=\"wp-block-separator has-text-color has-ast-global-color-1-color has-alpha-channel-opacity has-ast-global-color-1-background-color has-background\"\/>\n<\/div>\n\n\n\n<div class=\"wp-block-group has-ast-global-color-7-background-color has-background is-layout-constrained wp-block-group-is-layout-constrained\" style=\"padding-top:var(--wp--preset--spacing--50);padding-bottom:var(--wp--preset--spacing--50)\">\n<h2 class=\"wp-block-heading\">Contact<\/h2>\n\n\n\n<p>Pour toute question ou commentaire:<br>solaire.stfulgence@alfredboivin.com<br>418 690-0415<\/p>\n<\/div>\n\n\n\n<figure class=\"wp-block-image aligncenter size-full is-resized\"><img loading=\"lazy\" decoding=\"async\" width=\"500\" height=\"270\" src=\"https:\/\/solairestfulgence.com\/wp-content\/uploads\/2026\/03\/cropped-Design_sans_titre_-_2026-03-03T115557.791-removebg-preview-removebg-preview.png\" alt=\"\" class=\"wp-image-26\" style=\"width:149px;height:auto\" srcset=\"https:\/\/solairestfulgence.com\/wp-content\/uploads\/2026\/03\/cropped-Design_sans_titre_-_2026-03-03T115557.791-removebg-preview-removebg-preview.png 500w, https:\/\/solairestfulgence.com\/wp-content\/uploads\/2026\/03\/cropped-Design_sans_titre_-_2026-03-03T115557.791-removebg-preview-removebg-preview-300x162.png 300w, https:\/\/solairestfulgence.com\/wp-content\/uploads\/2026\/03\/cropped-Design_sans_titre_-_2026-03-03T115557.791-removebg-preview-removebg-preview-131x71.png 131w\" sizes=\"auto, (max-width: 500px) 100vw, 500px\" \/><\/figure>\n","protected":false},"excerpt":{"rendered":"<p>Boivin \u00c9nergies&nbsp;est une division du&nbsp;Groupe Alfred Boivin, regroupement d\u2019entreprises du Saguenay\u2013Lac-St-Jean \u0153uvrant depuis 1947. D\u00e9di\u00e9e au d\u00e9veloppement, \u00e0 la production [&hellip;]<\/p>\n","protected":false},"author":1,"featured_media":0,"parent":0,"menu_order":0,"comment_status":"closed","ping_status":"closed","template":"","meta":{"site-sidebar-layout":"default","site-content-layout":"","ast-site-content-layout":"default","site-content-style":"default","site-sidebar-style":"default","ast-global-header-display":"","ast-banner-title-visibility":"","ast-main-header-display":"","ast-hfb-above-header-display":"","ast-hfb-below-header-display":"","ast-hfb-mobile-header-display":"","site-post-title":"disabled","ast-breadcrumbs-content":"","ast-featured-img":"","footer-sml-layout":"","ast-disable-related-posts":"","theme-transparent-header-meta":"","adv-header-id-meta":"","stick-header-meta":"","header-above-stick-meta":"","header-main-stick-meta":"","header-below-stick-meta":"","astra-migrate-meta-layouts":"default","ast-page-background-enabled":"default","ast-page-background-meta":{"desktop":{"background-color":"var(--ast-global-color-5)","background-image":"","background-repeat":"repeat","background-position":"center center","background-size":"auto","background-attachment":"scroll","background-type":"","background-media":"","overlay-type":"","overlay-color":"","overlay-opacity":"","overlay-gradient":""},"tablet":{"background-color":"","background-image":"","background-repeat":"repeat","background-position":"center center","background-size":"auto","background-attachment":"scroll","background-type":"","background-media":"","overlay-type":"","overlay-color":"","overlay-opacity":"","overlay-gradient":""},"mobile":{"background-color":"","background-image":"","background-repeat":"repeat","background-position":"center center","background-size":"auto","background-attachment":"scroll","background-type":"","background-media":"","overlay-type":"","overlay-color":"","overlay-opacity":"","overlay-gradient":""}},"ast-content-background-meta":{"desktop":{"background-color":"var(--ast-global-color-4)","background-image":"","background-repeat":"repeat","background-position":"center center","background-size":"auto","background-attachment":"scroll","background-type":"","background-media":"","overlay-type":"","overlay-color":"","overlay-opacity":"","overlay-gradient":""},"tablet":{"background-color":"var(--ast-global-color-4)","background-image":"","background-repeat":"repeat","background-position":"center center","background-size":"auto","background-attachment":"scroll","background-type":"","background-media":"","overlay-type":"","overlay-color":"","overlay-opacity":"","overlay-gradient":""},"mobile":{"background-color":"var(--ast-global-color-4)","background-image":"","background-repeat":"repeat","background-position":"center center","background-size":"auto","background-attachment":"scroll","background-type":"","background-media":"","overlay-type":"","overlay-color":"","overlay-opacity":"","overlay-gradient":""}},"footnotes":""},"class_list":["post-15","page","type-page","status-publish","hentry"],"_links":{"self":[{"href":"https:\/\/solairestfulgence.com\/index.php?rest_route=\/wp\/v2\/pages\/15","targetHints":{"allow":["GET"]}}],"collection":[{"href":"https:\/\/solairestfulgence.com\/index.php?rest_route=\/wp\/v2\/pages"}],"about":[{"href":"https:\/\/solairestfulgence.com\/index.php?rest_route=\/wp\/v2\/types\/page"}],"author":[{"embeddable":true,"href":"https:\/\/solairestfulgence.com\/index.php?rest_route=\/wp\/v2\/users\/1"}],"replies":[{"embeddable":true,"href":"https:\/\/solairestfulgence.com\/index.php?rest_route=%2Fwp%2Fv2%2Fcomments&post=15"}],"version-history":[{"count":15,"href":"https:\/\/solairestfulgence.com\/index.php?rest_route=\/wp\/v2\/pages\/15\/revisions"}],"predecessor-version":[{"id":55,"href":"https:\/\/solairestfulgence.com\/index.php?rest_route=\/wp\/v2\/pages\/15\/revisions\/55"}],"wp:attachment":[{"href":"https:\/\/solairestfulgence.com\/index.php?rest_route=%2Fwp%2Fv2%2Fmedia&parent=15"}],"curies":[{"name":"wp","href":"https:\/\/api.w.org\/{rel}","templated":true}]}}